f**5/60 + f**4/24 - 29*f**3/6 - 2*f**2 - f. What is w(0)?
-29
Let v(n) = -5*n**3 + n**2 - 11*n + 2. Let j be ((-9)/(-6) - 2)*-18. Let p(b) = 11*b**3 - b**2 + 23*b - 3. Let m(q) = j*v(q) + 4*p(q). Determine m(4).
-6
Let g(v) = -v**3 - v + 2. Let o be g(0). Let d = -14 - -16. Let n(f) = -d*f**2 + o*f**2 - 4 + f**3 - 5*f**2 + 6*f. Calculate n(4).
4
Let m = 7 - 4. Let o(y) = y**2 - y - 1. Let r be o(-1). Let f(d) = -r - 2 + 6 - d**m - 4*d**2. Calculate f(-4).
3
Let d(h) be the third derivative of -h**6/120 + h**5/30 + h**4/8 - h**3/3 + h**2. Suppose 5*f = 2*f + 6. Give d(f).
4
Let j be -1 + 1 - 6/(-2). Let v(r) be the first derivative of r**3/3 - r**2 + r - 5. Let i be v(j). Let h(f) = 2*f - 1. Determine h(i).
7
Let b(v) = v**3. Let t(z) = -z**2 - 3*z + 1. Let h be t(-3). Let q(f) = 2*f**3 + 5*f**2 + 2*f - 5. Let j(k) = h*q(k) - b(k). Determine j(-4).
3
Suppose 5*f = m + 13, -2*f = 5*m - 0 - 16. Let a = f - 4. Let o(w) be the first derivative of -2*w**3 - w**2/2 - w + 1. Give o(a).
-6
Let n(u) = -5*u**2 - 12*u - 3. Let j(x) = -14*x**2 - 35*x - 9. Let k(q) = 6*j(q) - 17*n(q). Let c be (-4)/14 + 308/49. Give k(c).
-3
Let v(r) = -3*r**2 - r - 1. Suppose 3*d - 4 = 4*y + 5*d, y + 5*d = 8. What is v(y)?
-11
Let w(i) = -3*i. Let j be w(0). Let r(g) = -g**2 + 2*g + 2. Let u(c) = c**3 + c + 1. Let d(q) = r(q) - u(q). Give d(j).
1
Let u(k) = k**2 + 7*k + 1. Let n be u(-6). Let z(y) = 0*y - 5 + 4 - 4 - y. Determine z(n).
0
Let h(c) = -6*c**3 + 2*c**2 - 1. Suppose 2*x + 0*x = 16. Suppose -4*g = 4, x = -i - 2*i - 5*g. Calculate h(i).
7
Let c(g) be the third derivative of g**6/120 + g**4/24 - g**3/3 - g**2. Let k be 0 + 0 + (0 - -1). Let y be 2 + k + -3 + 0. What is c(y)?
-2
Let a(m) = -m**2 + 6*m - 5. Let t(p) = p - 1. Let z be 4*1*(-52)/16. Let d = 18 + z. Let k be t(d). Give a(k).
3
Let c(f) = -7. Let p(r) = r + 7. Let t(w) = -3*c(w) - 2*p(w). Give t(5).
-3
Let y(x) = 4*x + 13. Let v(w) = 12*w + 39. Let u(r) = -3*v(r) + 8*y(r). Calculate u(-9).
23
Let r(o) = o**3 - 8*o**2 + 9*o - 6. Let z = -2 - -9. Determine r(z).
8
Let n = 17 + -15. Let l(s) = -7*s**2 + 2*s. Give l(n).
-24
Let c(w) = -3*w - 1. Suppose -4*m - 3 = 1. Let v(q) = -3 + 0 + 2. Let n(p) = m*c(p) + v(p). What is n(1)?
3
Let s(j) = j**2 - 8*j + 15. Let b be s(5). Let u(l) be the second derivative of -1/3*l**4 - 1/20*l**5 - 1/3*l**3 + l + b + 0*l**2. Give u(-3).
-3
Let l be 5/(10/4) - -2. Suppose -3*k + l*k + 5*m + 21 = 0, -3*m - 35 = -5*k. Let j = k - 0. Let f(c) = -c**2 + 5*c + 2. Determine f(j).
6
Let r(d) = -2*d**3 + 2*d**2 - d. Suppose -18 + 11 = -7*m. Calculate r(m).
-1
Let t(c) = 6*c**2 - 11*c + 4. Let k(f) = -5*f**2 + 10*f - 4. Let r(v) = 7*k(v) + 6*t(v). Give r(3).
17
Let v be -1*(-6)/2 + 0. Let u(l) = -l**3 - 4*l**2 + 5*l + 3. Let b be u(-5). Let f(x) = -v*x + x + b - 1 + 5*x. Determine f(-5).
-13
Let n be 14/(-4)*(-16)/28. Suppose 0 = 4*h - t - 18, -n*h + h + 6 = -t. Let j(k) = 2*k - 5. What is j(h)?
3
Let u = 21 - 31. Let w be (-36)/u - 6/(-15). Let x(a) = 2*a - 3*a + 4 - w. Give x(1).
-1
Let j be 2/8*-2*-8. Let x be (-64)/(-10) - j/10. Let r(c) = c**2 - 8*c + 6. What is r(x)?
-6
Let o be 6/1*(-4)/(-12). Let z(u) = -u - 10*u**2 + u**2 + 7*u**2 + 3*u**2 + o. Give z(-2).
8
Suppose 3*h - 14 = 22. Suppose 0 = -2*b - 2*b + h. Let f(t) = 3 - t + 0*t**3 - 7*t**3 - b + 1. Determine f(1).
-7
Let i(z) = -4*z**2 - 3*z + 1. Let o(h) = -3*h**2 - 2*h + 1. Let k(c) = 4*i(c) - 5*o(c). Calculate k(-5).
-16
Let h(i) = i**3 - i**2 - 4. Let s(u) = -u**3 - 3*u**2 - u + 2. Suppose 2*b + 4 = -o, -b = -o - 4*o + 2. Let k be s(b). What is h(k)?
-4
Let o(w) be the first derivative of 6*w**2 + w - 2. Give o(-1).
-11
Let x(s) be the first derivative of -s**4/4 - 3*s**3 + 9*s**2/2 - 13*s - 3. Give x(-10).
-3
Let i = 35 - 34. Let b(w) be the first derivative of 6*w - 3/2*w**2 - i. Give b(4).
-6
Let p(s) = -s - 10. Let i be p(-5). Let y = i + 2. Let r(x) = x**2 + 2*x - 3. Determine r(y).
0
Let n(y) be the second derivative of y**5/20 + 5*y**4/12 - y**3/6 - y**2 - 2*y. Let v be (-13)/(78/(-20))*6/(-4). Give n(v).
3
Let u(k) = -k**3 + 4*k**2 + 2. Suppose -3*r + 6 = -0. Let y be r/(-2 - (-5)/2). Determine u(y).
2
Let i(x) = 2*x**3 - 2*x**2 + 7*x. Let v(u) = -u**3 + u**2 - 4*u. Let s(w) = -3*i(w) - 5*v(w). Suppose -4*d + 5 = 1. Determine s(d).
-1
Suppose 3 - 12 = -3*z. Let n(s) = -s**2 + z*s**2 - 1 + s**2 + s**3 + s. Suppose -3*k - 10 = -4*x, -k - 4*k - 4*x - 6 = 0. Determine n(k).
1
Suppose 3*z = o - 3, 3*z - 2 - 10 = -4*o. Suppose 0 = o*u - 6 + 15. Let m(l) = 2*l**2 + 2*l - 3. Calculate m(u).
9
Let h be (0 + -1 - 1) + 2. Suppose 4*p - 8 + 4 = h. Suppose -3*q + 9 = -2*n, -3*n + p = 2*q - 6*n. Let g(t) = 3*t - 5. Determine g(q).
10
Let v(s) = -2*s - 2. Suppose -2*z + 56 = -2*i, 0*i - 56 = 2*i + z. Let b be (6/(-21))/(4/i). Determine v(b).
-6
Let i(u) be the third derivative of u**4/6 - u**3/6 + 2*u**2. Let h be 3/(-18) - 2/(-12). Let x be h + (2 - 0)/2. What is i(x)?
3
Let z = 0 + 3. Let g = -9 + 29. Suppose -z*v - g = v. Let f(t) = -t - 1. What is f(v)?
4
Suppose 2*q = -4*k + 16, -4 = 2*q - 5*q - k. Suppose -2*y - 1 + 5 = q. Let u(i) = 2*i**2 - i + 1. Give u(y).
7
Let y = 2 + 2. Let l(d) = -3*d + 8 + 5*d + 3*d - y*d. Calculate l(0).
8
Let v(n) be the third derivative of -n**6/120 - 7*n**5/60 - n**4/12 + 5*n**3/6 - 18*n**2. What is v(-7)?
19
Suppose g + 1 = 3. Suppose 9 = g*r - 1. Let v(q) = -1 - q - 2*q + q**2 - 3*q. Give v(r).
-6
Let k(d) = 14*d**2 + 6*d + 4. Let p(t) = 5*t**2 + 2*t + 1. Let r(n) = -4*k(n) + 11*p(n). Calculate r(-4).
-13
Suppose -5*l + 5*z = -45, -20 = -5*l + 2*z + 10. Let r(o) = o - 2. Calculate r(l).
2
Suppose 0 = 6*y - y + 10. Let p(r) = 3*r + 4 + 4 - 5 + r**2 + r**2. Calculate p(y).
5
Let z(x) be the second derivative of 1/12*x**4 + 0 + 2/3*x**3 + 7*x + 0*x**2. Give z(-5).
5
Let n be ((-2)/(-7))/(4/56). Let c(w) = 6*w - 7*w + n - 5. Give c(0).
-1
Suppose 0 = w + 3 - 6. Let o(z) = 2 - 2 + w - z + 1. Calculate o(5).
-1
Let q = -12 - -21. Let n(y) = y - 15. Let h be n(q). Let w(r) = -r**3 - 7*r**2 - 5*r + 1. What is w(h)?
-5
Let l = 9 + -5. Suppose l*k = 3*k + 4. Let q(u) = 1 + 1 + k + u. Determine q(0).
6
Let g(s) = -7*s - 1. Suppose 3*c + 12 + 3 = 2*q, 2*q = 6. Let r be c - (-4)/((-8)/(-10)). Suppose 5*u - 13 = r*y, 3*u = 5*y + 1 + 3. Determine g(y).
-8
Suppose 4*s + m - 4 = 2*m, 14 = -3*s + 5*m. Let n(z) = -z**2 + z + 1. Give n(s).
-1
Suppose -2*x + 1 = -x. Suppose -n + 4*n - 22 = -2*l, 2*l - 2 = 2*n. Let y(k) = l*k**2 - 4*k**2 - 2 + x. Determine y(0).
-1
Let h = 9 + -5. Let m(i) = -i**2 + 7*i - 3. Calculate m(h).
9
Let v(m) = 8*m. Suppose z + 4 = -3*z. Calculate v(z).
-8
Let t(i) = i**3 - 4*i**2 - 4*i + 3. Suppose -3*c - 14 = -4*c + 3*y, -3*c + 3 = 4*y. Calculate t(c).
8
Let h(k) = 2*k - 1. Let d be h(1). Let o(r) = -r - d - 6*r + 6*r. What is o(-7)?
6
Let j be 0/(-2) + (-1 - -3). Let n(a) = 0*a**3 + 2*a**2 - a - 5 - 8*a**j - a**3 - 3*a. What is n(-5)?
-10
Let d be (21/(-3) + 3)/(-2). Suppose d*t + 0*f + f + 2 = 0, 0 = 5*f. Let r(i) = -3*i + 1. Calculate r(t).
4
Suppose 69 = -5*k + 2*v + 178, -89 = -4*k + v. Let t(l) = -k + 16 - l - 5. Give t(-7).
-5
Let q be 1 + ((-8)/2 - (-5 - -2)). Let j(b) = b**3 + b**2 + b + 21. Calculate j(q).
21
Let s(l) be the first derivative of l**2/2 - 9*l - 2. Let k = 2 + 2. Let c be ((-15)/6)/((-2)/k). Calculate s(c).
-4
Let d(v) be the first derivative of 4/3*v**3 + 7 + 1/4*v**4 + v - 2*v**2. Determine d(-5).
-4
Let j be 0 + 1 + 4*1. Let u = 1 - -2. Let c(o) = o**2 + 2 - 3 + 4 - 6 - u*o. Determine c(j).
7
Let a(u) = -u**2. Let v(i) = 4*i**2 - i + 2. Suppose -1 = p - 0. Let x(z) = -4*z**2 + 1. Let q be x(p). Let l(c) = q*a(c) - v(c). Calculate l(2).
-4
Let i(d) = 8*d + 1. Let h(v) = 4*v**3 + v**2 - v - 1. Let m be h(-1). Let y(g) = -g - 2. Let c be y(m). What is i(c)?
9
Suppose -3*v = -15 - 3. Suppose -c + v = 4*n - 3*n, -5*n + 12 = -c. Suppose 0*w + 9 = c*w. Let y(s) = -s**3 + 2*s**2 + 3*s + 2. Give y(w).
2
Let m(z) = 5*z + 2. Let c(s) = s + 1. Suppose -2*t + 4*u = -18, -t = 6*u - u + 12. Let w = t + -6. Let y be c(w). Calculate m(y).
-8
Let w be (5 - 1)/((-14 + 6)/8). Let q(b) = b**3 + 6*b**2 + 3*b - 5. Calculate q(w).
15
Suppose 11 = -6*l + 3*l - 2*p, 0 = -2*l + 4*p + 14. Let s be (1*2)/(l/4). Let o be (-2 - -4)/((-4)/s). Let y(d) = d**2 - 2*d - 2. What is y(o)